[INFO] fetching crate wedpr_l_bulletproofs 1.0.5...
[INFO] checking wedpr_l_bulletproofs-1.0.5 against master#e6e4f7ed1589e03bc2f6c5931c1a72e7947e8682 for beta-170-4
[INFO] extracting crate wedpr_l_bulletproofs 1.0.5 into /workspace/builds/worker-1-tc2/source
[INFO] validating manifest of crates.io crate wedpr_l_bulletproofs 1.0.5 on toolchain e6e4f7ed1589e03bc2f6c5931c1a72e7947e8682
[INFO] running `Command { std: CARGO_HOME="/workspace/cargo-home" RUSTUP_HOME="/workspace/rustup-home" "/workspace/cargo-home/bin/cargo" "+e6e4f7ed1589e03bc2f6c5931c1a72e7947e8682" "metadata" "--manifest-path" "Cargo.toml" "--no-deps", kill_on_drop: false }`
[INFO] removed /workspace/builds/worker-1-tc2/source/rust-toolchain
[INFO] started tweaking crates.io crate wedpr_l_bulletproofs 1.0.5
[INFO] removed 0 missing tests
[INFO] finished tweaking crates.io crate wedpr_l_bulletproofs 1.0.5
[INFO] tweaked toml for crates.io crate wedpr_l_bulletproofs 1.0.5 written to /workspace/builds/worker-1-tc2/source/Cargo.toml
[INFO] running `Command { std: CARGO_HOME="/workspace/cargo-home" RUSTUP_HOME="/workspace/rustup-home" __CARGO_TEST_CHANNEL_OVERRIDE_DO_NOT_USE_THIS="nightly" "/workspace/cargo-home/bin/cargo" "+e6e4f7ed1589e03bc2f6c5931c1a72e7947e8682" "generate-lockfile" "--manifest-path" "Cargo.toml" "-Zno-index-update", kill_on_drop: false }`
[INFO] running `Command { std: CARGO_HOME="/workspace/cargo-home" RUSTUP_HOME="/workspace/rustup-home" "/workspace/cargo-home/bin/cargo" "+e6e4f7ed1589e03bc2f6c5931c1a72e7947e8682" "fetch" "--manifest-path" "Cargo.toml", kill_on_drop: false }`
[INFO] running `Command { std: "docker" "create" "-v" "/var/lib/crater-agent-workspace/builds/worker-1-tc2/target:/opt/rustwide/target:rw,Z" "-v" "/var/lib/crater-agent-workspace/builds/worker-1-tc2/source:/opt/rustwide/workdir:ro,Z" "-v" "/var/lib/crater-agent-workspace/cargo-home:/opt/rustwide/cargo-home:ro,Z" "-v" "/var/lib/crater-agent-workspace/rustup-home:/opt/rustwide/rustup-home:ro,Z" "-e" "SOURCE_DIR=/opt/rustwide/workdir" "-e" "CARGO_TARGET_DIR=/opt/rustwide/target" "-e" "CARGO_HOME=/opt/rustwide/cargo-home" "-e" "RUSTUP_HOME=/opt/rustwide/rustup-home" "-w" "/opt/rustwide/workdir" "-m" "1610612736" "--user" "0:0" "--network" "none" "ghcr.io/rust-lang/crates-build-env/linux@sha256:19e73879b68f455e41552ea35293514db52ea292d993f571636dbffedb77a1ee" "/opt/rustwide/cargo-home/bin/cargo" "+e6e4f7ed1589e03bc2f6c5931c1a72e7947e8682" "metadata" "--no-deps" "--format-version=1", kill_on_drop: false }`
[INFO] [stdout] 28aa2fee236235452fd35cfb1ded46ccc2b397b900545a09d14e240e45680dce
[INFO] running `Command { std: "docker" "start" "-a" "28aa2fee236235452fd35cfb1ded46ccc2b397b900545a09d14e240e45680dce", kill_on_drop: false }`
[INFO] running `Command { std: "docker" "inspect" "28aa2fee236235452fd35cfb1ded46ccc2b397b900545a09d14e240e45680dce", kill_on_drop: false }`
[INFO] running `Command { std: "docker" "rm" "-f" "28aa2fee236235452fd35cfb1ded46ccc2b397b900545a09d14e240e45680dce", kill_on_drop: false }`
[INFO] [stdout] 28aa2fee236235452fd35cfb1ded46ccc2b397b900545a09d14e240e45680dce
[INFO] running `Command { std: "docker" "create" "-v" "/var/lib/crater-agent-workspace/builds/worker-1-tc2/target:/opt/rustwide/target:rw,Z" "-v" "/var/lib/crater-agent-workspace/builds/worker-1-tc2/source:/opt/rustwide/workdir:ro,Z" "-v" "/var/lib/crater-agent-workspace/cargo-home:/opt/rustwide/cargo-home:ro,Z" "-v" "/var/lib/crater-agent-workspace/rustup-home:/opt/rustwide/rustup-home:ro,Z" "-e" "SOURCE_DIR=/opt/rustwide/workdir" "-e" "CARGO_TARGET_DIR=/opt/rustwide/target" "-e" "CARGO_INCREMENTAL=0" "-e" "RUST_BACKTRACE=full" "-e" "RUSTFLAGS=--cap-lints=forbid" "-e" "RUSTDOCFLAGS=--cap-lints=forbid" "-e" "CARGO_HOME=/opt/rustwide/cargo-home" "-e" "RUSTUP_HOME=/opt/rustwide/rustup-home" "-w" "/opt/rustwide/workdir" "-m" "1610612736" "--user" "0:0" "--network" "none" "ghcr.io/rust-lang/crates-build-env/linux@sha256:19e73879b68f455e41552ea35293514db52ea292d993f571636dbffedb77a1ee" "/opt/rustwide/cargo-home/bin/cargo" "+e6e4f7ed1589e03bc2f6c5931c1a72e7947e8682" "check" "--frozen" "--all" "--all-targets" "--message-format=json", kill_on_drop: false }`
[INFO] [stdout] a58129d7fef4796cb789a3a15a8886ebb0515b9fa1737f26e88696075b8587f4
[INFO] running `Command { std: "docker" "start" "-a" "a58129d7fef4796cb789a3a15a8886ebb0515b9fa1737f26e88696075b8587f4", kill_on_drop: false }`
[INFO] [stderr] warning: invalid feature `yoloproofs` in required-features of target `r1cs`: `yoloproofs` is not present in [features] section
[INFO] [stderr] warning: invalid feature `yoloproofs` in required-features of target `r1cs`: `yoloproofs` is not present in [features] section
[INFO] [stderr]    Compiling typenum v1.16.0
[INFO] [stderr]    Compiling libc v0.2.144
[INFO] [stderr]    Compiling serde v1.0.163
[INFO] [stderr]    Compiling autocfg v0.1.8
[INFO] [stderr]     Checking rand_core v0.3.1
[INFO] [stderr]    Compiling memchr v2.5.0
[INFO] [stderr]     Checking byteorder v1.4.3
[INFO] [stderr]    Compiling semver v1.0.17
[INFO] [stderr]    Compiling clear_on_drop v0.2.5
[INFO] [stderr]    Compiling syn v2.0.18
[INFO] [stderr]    Compiling syn v1.0.109
[INFO] [stderr]    Compiling rustc_version v0.4.0
[INFO] [stderr]    Compiling rand_core v0.4.2
[INFO] [stderr]    Compiling rand_pcg v0.1.2
[INFO] [stderr]    Compiling cast v0.2.7
[INFO] [stderr]    Compiling rand_chacha v0.1.1
[INFO] [stderr]    Compiling generic-array v0.12.4
[INFO] [stderr]     Checking byte-tools v0.3.1
[INFO] [stderr]     Checking either v1.8.1
[INFO] [stderr]    Compiling subtle v2.5.0
[INFO] [stderr]    Compiling digest v0.8.1
[INFO] [stderr]    Compiling unicode-xid v0.2.4
[INFO] [stderr]    Compiling failure_derive v0.1.8
[INFO] [stderr]     Checking block-padding v0.1.5
[INFO] [stderr]     Checking num_cpus v1.15.0
[INFO] [stderr]     Checking rand_os v0.1.3
[INFO] [stderr]     Checking object v0.30.3
[INFO] [stderr]    Compiling rand v0.6.5
[INFO] [stderr]     Checking keccak v0.1.4
[INFO] [stderr]     Checking textwrap v0.11.0
[INFO] [stderr]     Checking rayon-core v1.11.0
[INFO] [stderr]     Checking block-buffer v0.7.3
[INFO] [stderr]     Checking itertools v0.8.2
[INFO] [stderr]     Checking csv-core v0.1.10
[INFO] [stderr]     Checking rand_xorshift v0.1.1
[INFO] [stderr]     Checking rand_hc v0.1.0
[INFO] [stderr]     Checking rand_isaac v0.1.1
[INFO] [stderr]     Checking opaque-debug v0.2.3
[INFO] [stderr]     Checking clap v2.34.0
[INFO] [stderr]    Compiling synstructure v0.12.6
[INFO] [stderr]     Checking criterion-plot v0.3.1
[INFO] [stderr]     Checking serde_json v1.0.96
[INFO] [stderr]     Checking csv v1.2.1
[INFO] [stderr]     Checking sha3 v0.8.2
[INFO] [stderr]     Checking tinytemplate v1.2.1
[INFO] [stderr]     Checking walkdir v2.3.3
[INFO] [stderr]     Checking rayon v1.7.0
[INFO] [stderr]     Checking atty v0.2.14
[INFO] [stderr]    Compiling curve25519-dalek v1.2.6
[INFO] [stderr]     Checking rand_xoshiro v0.1.0
[INFO] [stderr]     Checking bincode v1.3.3
[INFO] [stderr]     Checking hex v0.3.2
[INFO] [stderr]     Checking backtrace v0.3.67
[INFO] [stderr]    Compiling zeroize_derive v1.4.2
[INFO] [stderr]    Compiling serde_derive v1.0.163
[INFO] [stderr]     Checking failure v0.1.8
[INFO] [stderr]     Checking zeroize v1.6.0
[INFO] [stderr]     Checking merlin v1.3.0
[INFO] [stderr]     Checking criterion v0.2.11
[INFO] [stderr]     Checking wedpr_l_bulletproofs v1.0.5 (/opt/rustwide/workdir)
[INFO] [stdout] warning: the feature `nll` has been stable since 1.63.0 and no longer requires an attribute to enable
[INFO] [stdout]  --> src/lib.rs:1:12
[INFO] [stdout]   |
[INFO] [stdout] 1 | #![feature(nll)]
[INFO] [stdout]   |            ^^^
[INFO] [stdout]   |
[INFO] [stdout]   = note: `#[warn(stable_features)]` on by default
[INFO] [stdout] 
[INFO] [stdout] 
[INFO] [stdout] warning: 1 warning emitted
[INFO] [stdout] 
[INFO] [stdout] 
[INFO] [stdout] error[E0463]: can't find crate for `bulletproofs`
[INFO] [stdout]   --> benches/range_proof.rs:15:1
[INFO] [stdout]    |
[INFO] [stdout] 15 | extern crate bulletproofs;
[INFO] [stdout]    | ^^^^^^^^^^^^^^^^^^^^^^^^^^ can't find crate
[INFO] [stdout] 
[INFO] [stdout] 
[INFO] [stdout] error[E0463]: can't find crate for `bulletproofs`
[INFO] [stdout]   --> tests/range_proof.rs:14:1
[INFO] [stdout]    |
[INFO] [stdout] 14 | extern crate bulletproofs;
[INFO] [stdout]    | ^^^^^^^^^^^^^^^^^^^^^^^^^^ can't find crate
[INFO] [stdout] 
[INFO] [stdout] 
[INFO] [stdout] error[E0463]: can't find crate for `bulletproofs`
[INFO] [stdout]  --> benches/generators.rs:1:1
[INFO] [stdout]   |
[INFO] [stdout] 1 | extern crate bulletproofs;
[INFO] [stdout]   | ^^^^^^^^^^^^^^^^^^^^^^^^^^ can't find crate
[INFO] [stdout] 
[INFO] [stdout] 
[INFO] [stdout] error: aborting due to previous error
[INFO] [stdout] 
[INFO] [stdout] 
[INFO] [stdout] For more information about this error, try `rustc --explain E0463`.
[INFO] [stdout] 
[INFO] [stderr] error: could not compile `wedpr_l_bulletproofs` (bench "range_proof") due to 2 previous errors
[INFO] [stderr] warning: build failed, waiting for other jobs to finish...
[INFO] [stdout] error: aborting due to previous error
[INFO] [stdout] 
[INFO] [stdout] 
[INFO] [stdout] For more information about this error, try `rustc --explain E0463`.
[INFO] [stdout] 
[INFO] [stdout] error: aborting due to previous error
[INFO] [stdout] 
[INFO] [stdout] 
[INFO] [stdout] For more information about this error, try `rustc --explain E0463`.
[INFO] [stdout] 
[INFO] [stderr] error: could not compile `wedpr_l_bulletproofs` (test "range_proof") due to 2 previous errors
[INFO] [stderr] error: could not compile `wedpr_l_bulletproofs` (bench "generators") due to 2 previous errors
[INFO] [stdout] warning: the item `bincode` is imported redundantly
[INFO] [stdout]    --> src/range_proof/mod.rs:531:13
[INFO] [stdout]     |
[INFO] [stdout] 531 |         use bincode;
[INFO] [stdout]     |             ^^^^^^^
[INFO] [stdout]     |
[INFO] [stdout]    ::: src/lib.rs:27:1
[INFO] [stdout]     |
[INFO] [stdout] 27  | extern crate bincode;
[INFO] [stdout]     | --------------------- the item `bincode` is already imported here
[INFO] [stdout]     |
[INFO] [stdout]     = note: `#[warn(unused_imports)]` on by default
[INFO] [stdout] 
[INFO] [stdout] 
[INFO] [stdout] warning: the feature `nll` has been stable since 1.63.0 and no longer requires an attribute to enable
[INFO] [stdout]  --> src/lib.rs:1:12
[INFO] [stdout]   |
[INFO] [stdout] 1 | #![feature(nll)]
[INFO] [stdout]   |            ^^^
[INFO] [stdout]   |
[INFO] [stdout]   = note: `#[warn(stable_features)]` on by default
[INFO] [stdout] 
[INFO] [stdout] 
[INFO] [stdout] warning: 2 warnings emitted
[INFO] [stdout] 
[INFO] [stdout] 
[INFO] running `Command { std: "docker" "inspect" "a58129d7fef4796cb789a3a15a8886ebb0515b9fa1737f26e88696075b8587f4", kill_on_drop: false }`
[INFO] running `Command { std: "docker" "rm" "-f" "a58129d7fef4796cb789a3a15a8886ebb0515b9fa1737f26e88696075b8587f4", kill_on_drop: false }`
[INFO] [stdout] a58129d7fef4796cb789a3a15a8886ebb0515b9fa1737f26e88696075b8587f4
